prime factors of 77424227?
77424227
List the prime factors of 7334404468.
2, 601, 3050917
What are the prime factors of 386806974?
2, 3, 2111, 30539
What are the prime factors of 2654079307?
11, 8867, 27211
List the prime factors of 7917607904.
2, 247425247
List the prime factors of 20658984.
2, 3, 860791
What are the prime factors of 503469261?
3, 29, 1031, 1871
List the prime factors of 41481345.
3, 5, 223, 12401
What are the prime factors of 55208232?
2, 3, 293, 2617
List the prime factors of 251888360.
2, 5, 6297209
What are the prime factors of 2031268501?
293, 839, 8263
List the prime factors of 52369705.
5, 157, 66713
List the prime factors of 1117108109.
13, 85931393
List the prime factors of 362937341.
13, 967, 28871
What are the prime factors of 1437694455?
3, 5, 95846297
List the prime factors of 57299546.
2, 28649773
List the prime factors of 1906900570.
2, 5, 41, 541, 8597
List the prime factors of 367319837.
19, 31, 623633
What are the prime factors of 135905766?
2, 3, 643, 35227
What are the prime factors of 134200372?
2, 3217, 10429
What are the prime factors of 204297968?
2, 7, 269, 6781
List the prime factors of 3274467403.
37, 2803, 31573
List the prime factors of 565215462.
2, 3, 7, 1495279
What are the prime factors of 7351490517?
3, 7, 29, 2833, 4261
List the prime factors of 65596809.
3, 83, 131, 2011
What are the prime factors of 3320110042?
2, 2099, 790879
What are the prime factors of 3575428?
2, 893857
What are the prime factors of 96031942?
2, 887, 54133
What are the prime factors of 4823357820?
2, 3, 5, 4409, 18233
List the prime factors of 743253544.
2, 11, 8446063
What are the prime factors of 300918208?
2, 103, 191, 239
What are the prime factors of 40628189?
7, 23, 127, 1987
List the prime factors of 1626654660.
2, 3, 5, 29, 107, 8737
List the prime factors of 17006842.
2, 8503421
List the prime factors of 480991285.
5, 17, 5658721
List the prime factors of 15950952.
2, 3, 73847
What are the prime factors of 1946930877?
3, 263, 274177
List the prime factors of 12515887.
23, 211, 2579
List the prime factors of 426781153.
426781153
List the prime factors of 24586977.
3, 23, 356333
What are the prime factors of 426195847?
7, 11, 5535011
What are the prime factors of 274700877?
3, 11, 8324269
List the prime factors of 3106354026.
2, 3, 517725671
List the prime factors of 41157327.
3, 23, 73, 8171
What are the prime factors of 436455226?
2, 218227613
List the prime factors of 969886152.
2, 3, 13470641
What are the prime factors of 1428992679?
3, 19, 359, 69833
List the prime factors of 4148205000.
2, 3, 5, 97, 2851
What are the prime factors of 22140820?
2, 5, 13, 31, 41, 67
List the prime factors of 28232357.
269, 104953
What are the prime factors of 117641298?
2, 3, 19606883
What are the prime factors of 1354525929?
3, 43, 53, 22013
List the prime factors of 323676796.
2, 41, 641, 3079
What are the prime factors of 98266466?
2, 31, 1584943
List the prime factors of 874866888.
2, 3, 7, 1735847
What are the prime factors of 465971488?
2, 37, 393557
List the prime factors of 380498134.
2, 1427, 133321
List the prime factors of 1024568422.
2, 67, 7646033
What are the prime factors of 173316351?
3, 13, 233, 19073
List the prime factors of 765659610.
2, 3, 5, 47, 317, 571
List the prime factors of 90599872.
2, 11, 128693
List the prime factors of 128368677.
3, 101, 461, 919
What are the prime factors of 11829944?
2, 7, 151, 1399
What are the prime factors of 65380517?
37, 1767041
List the prime factors of 110591173.
7, 11, 1436249
What are the prime factors of 1110921622?
2, 555460811
List the prime factors of 1049201678.
2, 7, 149, 502973
List the prime factors of 43856353.
43856353
List the prime factors of 153908330.
2, 5, 1087, 14159
What are the prime factors of 12602360?
2, 5, 315059
What are the prime factors of 5033394027?
3, 62140667
What are the prime factors of 64658604?
2, 3, 251, 21467
List the prime factors of 85352189.
13, 17, 467, 827
List the prime factors of 558234194.
2, 7, 107, 372653
What are the prime factors of 11680137?
3, 7, 397, 467
List the prime factors of 36528581.
41, 890941
List the prime factors of 88083172.
2, 22020793
What are the prime factors of 43644012?
2, 3, 47, 77383
List the prime factors of 26177466.
2, 3, 7, 269, 331
What are the prime factors of 17124097?
757, 22621
List the prime factors of 4856221692.
2, 3, 7, 593, 32497
List the prime factors of 38139746.
2, 19069873
What are the prime factors of 894861490?
2, 5, 41, 449, 4861
What are the prime factors of 630898027?
23, 127, 271, 797
List the prime factors of 168242530.
2, 5, 19, 885487
List the prime factors of 759589581.
3, 19, 13326133
What are the prime factors of 26458146?
2, 3, 11, 13, 19, 541
List the prime factors of 84809535.
3, 5, 467, 12107
What are the prime factors of 70378437?
3, 23459479
What are the prime factors of 222947118?
2, 3, 1013, 12227
What are the prime factors of 587056686?
2, 3, 29, 116341
List the prime factors of 47835149.
523, 91463
List the prime factors of 3204483848.
2, 7879, 50839
What are the prime factors of 77868369?
3, 8652041
What are the prime factors of 44748038?
2, 22374019
What are the prime factors of 2973883641?
3, 67, 14795441
What are the prime factors of 252897378?
2, 3, 5101, 8263
What are the prime factors of 39581385?
3, 5, 223, 11833
What are the prime factors of 6272280598?
2, 26729, 117331
What are the prime factors of 829223143?
7, 107, 1107107
List the prime factors of 11347663.
109, 104107
What are the prime factors of 52997522?
2, 26498761
List the prime factors of 289464536.
2, 2861, 12647
What are the prime factors of 862149?
3, 287383
List the prime factors of 3369938549.
3369938549
List the prime factors of 507991240.
2, 5, 191, 66491
What are the prime factors of 84291045?
3, 5, 577, 9739
List the prime factors of 1366972426.
2, 139, 337, 14591
What are the prime factors of 869728666?
2, 11173, 38921
List the prime factors of 35816647.
73, 179, 2741
What are the prime factors of 6088008341?
1597, 3812153
What are the prime factors of 403131890?
2, 5, 7, 739, 7793
List the prime factors of 12820621.
11, 1165511
What are the prime factors of 89747805?
3, 5, 7, 397, 2153
What are the prime factors of 495104410?
2, 5, 31, 1597111
What are the prime factors of 26165311?
229, 114259
What are the prime factors of 169994372?
2, 42498593
List the prime factors of 165241350.
2, 3, 5, 122401
What are the prime factors of 3899896601?
239, 2999, 5441
List the prime factors of 758292100.
2, 5, 43, 176347
List the prime factors of 402045964.
2, 100511491
List the prime factors of 387907253.
211, 1838423
List the prime factors of 62423495.
5, 23, 271, 2003
What are the prime factors of 28376430?
2, 3, 5, 945881
What are the prime factors of 986711990?
2, 5, 11, 19, 472111
List the prime factors of 36487773.
3, 7, 193057
What are the prime factors of 149882148?
2, 3, 13, 31, 10331
List the prime factors of 304370971.
304370971
List the prime factors of 4766090084.
2, 7, 23, 47, 53, 2971
What are the prime factors of 42039369?
3, 1523, 3067
List the prime factors of 1565753086.
2, 113, 6928111
What are the prime factors of 4589770927?
7, 29, 22609709
What are the prime factors of 457190404?
2, 11, 439, 23669
List the prime factors of 544917089.
137, 3977497
List the prime factors of 3213506059.
67, 47962777
List the prime factors of 69882660.
2, 3, 5, 388237
List the prime factors of 284327306.
2, 239, 594827
What are the prime factors of 1847484408?
2, 3, 7, 11, 999721
What are the prime factors of 923523200?
2, 5, 191, 1511
List the prime factors of 155912734.
2, 71, 193, 5689
What are the prime factors of 105293545?
5, 7, 197, 15271
What are the prime factors of 7241689388?
2, 1810422347
List the prime factors of 2540155417.
769, 3303193
List the prime factors of 46979261.
7, 67, 100169
List the prime factors of 887276385.
3, 5, 19717253
List the prime factors of 647227778.
2, 1117, 289717
List the prime factors of 9745314.
2, 3, 509, 3191
List the prime factors of 38199310.
2, 5, 19, 201049
List the prime factors of 172741419.
3, 37, 518743
What are the prime factors of 5848693328?
2, 17, 347, 61967
List the prime factors of 339472495.
5, 67894499
List the prime factor